64 is divided by u?
0
Suppose 0*f - 4*f = -476. Suppose -4*q = -2*x + 26, -x + q - 4 = -2*x. Calculate the remainder when ((-48)/(-84))/(2/f) is divided by x.
6
Let c = -285 + 109. Let z(g) = -11*g**3 - 3*g**2 + 5*g + 3. Let f be z(-3). Let v = f + c. What is the remainder when v is divided by 21?
19
Let f be -3 - 1*(-9 - -1). Suppose -f*d - 11 = -6*d. What is the remainder when 17 is divided by d?
6
What is the remainder when 143 is divided by -20*(2/1 - (-12)/(-5))?
7
Suppose -3*y + 2*l = -2*l + 83, -2*y = 3*l + 61. Let u = 34 + y. Calculate the remainder when u is divided by 1.
0
Let y = 94 - 64. Let g = y + -28. Suppose -s - 2*w + 33 = 0, g*w - 3*w - 56 = -2*s. Calculate the remainder when s is divided by 15.
14
Let s = 171 - 61. Calculate the remainder when 204 is divided by s.
94
Let n be 1*51 - (0 + 2 - 1). Let r = n - -13. Calculate the remainder when r is divided by 13.
11
Let v = -45 + 119. Let p = -52 + v. Calculate the remainder when p is divided by 3.
1
Suppose -69 = -7*z + 1. Suppose -2*s = -7*s + z. What is the remainder when 7 is divided by s?
1
Let m(i) = i**3 - 17*i**2 + 17*i + 17. Calculate the remainder when 96 is divided by m(16).
30
What is the remainder when (145/(-15) + 0)*-3 is divided by 24?
5
Suppose 2*g + 2*g + n = -37, 4*g + 35 = n. Let t be g/(-2 + (1 - 0)). What is the remainder when 64 is divided by (-44)/6*t/(-3)?
20
Suppose 4*i = 0, -90*g - 3*i - 1028 = -94*g. What is the remainder when g is divided by 55?
37
Suppose -5*q = 2*v - 14, 2*q + 2*q = -v + 10. Let k(o) = 10*o**q + 4*o + 9 - 13 + o**3 - 5. What is the remainder when k(-9) is divided by 13?
10
Let g(k) = -24*k**2 + 3*k + 3. Let m be g(-1). What is the remainder when 25 + m + 71 + 1 is divided by 20?
13
Let y(p) = p**2 - 7*p + 10. Suppose -l - m + 28 = -18, -30 = -l - 5*m. Calculate the remainder when l is divided by y(8).
14
Let y(x) = -6*x - 27. Calculate the remainder when y(-8) is divided by 5.
1
Suppose -2*t - t + 54 = 0. Let y be 12/t + 52/(-6). Calculate the remainder when 35 is divided by 1/(-4) - 98/y.
11
Suppose k = 3*h + 35, 3*k + h = 19 + 66. Calculate the remainder when 636 is divided by k.
27
Let g = 925 + -647. Let l = -1614 + 1626. What is the remainder when g/6 + (-1)/3 is divided by l?
10
Calculate the remainder when 381 is divided by (-3 - 1 - 92)*8/(-12).
61
Let x = 138 - 109. Calculate the remainder when x is divided by (-174)/(-11) + 6/33.
13
Suppose 0 = 2*n + 3*h - 62, 3*h + h = n - 31. Let z(p) = -p**3 - 4*p**2 + 5*p + 3. Let s be z(-4). Let w = s + n. What is the remainder when 25 is divided by w?
11
Suppose 5*i - 52 = i. Suppose 0 = h - 5, 5*h = -0*m - 4*m + i. What is the remainder when (-6)/(12/4)*m is divided by 2?
0
Suppose -29*p = -25*p - 16. Suppose p*u = 10*u - 102. Calculate the remainder when 67 is divided by u.
16
Let d be (-24)/(-9)*12/8. Suppose 0*w = d*w - 172. Let j = w - 17. What is the remainder when j is divided by 9?
8
Let g be -3*(-2 - -4)/(-6). Suppose 8*v - 103 = g. Calculate the remainder when 27 is divided by v.
1
Suppose 10 = -2*r, -112 + 12 = -5*y - 2*r. What is the remainder when 196 is divided by y?
20
Suppose 2*u + 2 = 16. Suppose 2*b + 0*b - o = 5, u = b - 2*o. What is the remainder when b/(-2) - 522/(-12) is divided by 22?
21
Let u(v) = 152*v**3 + 2*v - 1. Suppose -1075 = 214*i - 7709. What is the remainder when u(1) is divided by i?
29
Suppose -10 = -3*u + 20. Suppose -3*b + o = -113, 0 = b + 4*o - 27 - 2. Calculate the remainder when b is divided by u.
7
Let g(o) = o**3 + 13*o**2 - 38*o + 27. Calculate the remainder when g(-15) is divided by 15.
12
Let g be 2 + ((-12)/(-2) - 3). Let s = 4 - g. What is the remainder when 40 is divided by s/((-1)/(-3)) + 17?
12
Let s(t) be the second derivative of t**5/20 + 13*t**4/12 - 8*t**3/3 + 5*t**2/2 - t + 6. Calculate the remainder when 94 is divided by s(-14).
28
Suppose 2*x = -5*g + 15, 5 + 2 = 2*g + x. What is the remainder when g - (-5)/((-10)/(-264)) is divided by 17?
14
Let y be (-10)/55 + (-9)/11. What is the remainder when (-79)/(-2) + y/2 is divided by 10?
9
Let q = -85 + 141. Let v = q - 42. Calculate the remainder when 53 is divided by v.
11
Suppose -11*b + 117 + 15 = 0. Calculate the remainder when 333 is divided by b.
9
Let t = -262 - -274. Let v(j) = 5*j**3 + j + 7*j**3 - 2*j**2 + 12*j**3. Calculate the remainder when v(1) is divided by t.
11
Let s = 375 - 317. Calculate the remainder when 60 is divided by s.
2
Let g(t) = -34*t**3 + 1. Let f(h) = 3*h**2 + h - 2. Let p be f(-2). Suppose p - 4 = -4*i. Calculate the remainder when g(i) is divided by 12.
11
Let z = 2 - -7. Suppose -18*j - z = -19*j. Calculate the remainder when 35 is divided by j.
8
Let p(n) = -25*n**3 - 2*n - 1. Let j be p(-1). Suppose k = j + 11. Suppose 93 - k = 4*c. Calculate the remainder when 55 is divided by c.
13
Suppose -2*u = -25 - 197. Let j = 78 - 40. Calculate the remainder when u is divided by j.
35
Suppose 0 = j + v - 413, 5*j - 3*v = -5*v + 2065. Suppose -2*n = 5*n - j. What is the remainder when n is divided by 6?
5
Let c = 186 - 130. What is the remainder when c is divided by 29?
27
Suppose w - 3*n + 15 = -w, 3*w + 3*n = 15. Suppose -4*g + 5*g + 32 = w. Let d = 48 + g. Calculate the remainder when 63 is divided by d.
15
Suppose 44 = 6*a + 5*a. Suppose 2*f - 6*f - s + 13 = 0, -f + 5*s - 23 = 0. Suppose -f*y = -y - 7. Calculate the remainder when y is divided by a.
3
Suppose 769 = 4*k + k - 2*t, 608 = 4*k - 4*t. Let o = 218 - k. What is the remainder when o is divided by 18?
9
Let d be (4/18)/((-18)/(-162)). Suppose -5*p - b = -62, -b + 29 = d*p - 2*b. What is the remainder when p is divided by 3?
1
Let g = 2890 + -2825. Suppose -24 = -2*h - 2. Calculate the remainder when g is divided by h.
10
Suppose v = 5*p - 195, -156 = -5*p + p - 4*v. What is the remainder when 56 is divided by p?
17
Suppose 2*g = 3*q - 11, -2*q = -0*q + 6. Let w = 23 + -12. What is the remainder when w is divided by 8/g*(0 + -5)?
3
Let j = 478 - 115. What is the remainder when j is divided by 92?
87
Suppose 3*f - 3*v - 6 = 0, -3*f = -0*f - 4*v - 4. Suppose 3*u = -4*n + 12, -4*u + 9*n = f*n - 47. Calculate the remainder when 39 is divided by u.
7
Let b = 17 - 0. Let i be (-78)/(-13)*(-4)/6. Let o = i + b. Calculate the remainder when 23 is divided by o.
10
Let n = -63 - -57. Calculate the remainder when 15/n*(2 + -6 - -2) is divided by 4.
1
Let r be ((-26)/65)/((-2)/80). What is the remainder when 20 is divided by ((-420)/(-80))/(6/r)?
6
Suppose -7*m + 2*m - 5*o + 205 = 0, -o + 80 = 2*m. What is the remainder when m is divided by (-120)/45*18/(-2)?
15
Let g = 67 + -55. What is the remainder when g is divided by (-4)/(-6) - 38/(-6)?
5
Suppose -2*i + 72 = 2*t, 0 = -5*t - 2*i + 80 + 94. Let h = -13150 - -13156. What is the remainder when t is divided by h?
4
Let j(x) = 2*x + 9. Let p be j(0). Suppose -19 = -p*d + 8*d. What is the remainder when 91 is divided by d?
15
Suppose -2*y + l = -50, -3 = 3*y - 2*l - 80. Let z = 3337 - 3323. Calculate the remainder when y is divided by z.
9
Let i = 127 - 124. Calculate the remainder when 38 is divided by i.
2
Let j(m) be the third derivative of -4*m**6/15 + m**5/60 - m**4/8 - m**3/3 - 5*m**2. Let f be j(-2). Calculate the remainder when f/7 + 8/28 is divided by 10.
8
Let c = 21 - 14. Suppose c = u + 2. What is the remainder when 16 is divided by u?
1
Let u(i) = i + 19. Let w be u(-13). Let p be (-4)/(43/45 - 1). Suppose -w*y + y = -p. What is the remainder when 33 is divided by y?
15
Suppose 15 = -12*b + 17*b. Suppose -3*t - 4*j = -34, -5*j + 6 = t - j. Suppose -t = -b*r + 28. What is the remainder when 25 is divided by r?
11
Suppose 3*v = 4*r - 3*r - 122, -5*r = 4*v - 534. Suppose r = z + 56. What is the remainder when z is divided by 12?
6
Suppose -3*u + 0*u = 2*f - 12, -5*u = 2*f - 20. Suppose -u*c + 18 + 22 = 0. Let z = -2 - -29. What is the remainder when z is divided by c?
7
Let u(y) = 25*y**2 - 1. Suppose -74*x = -100*x + 364. What is the remainder when u(1) is divided by x?
10
Suppose 0 = 5*g - 4*r - 10, -3*r = 2*g - 0*r + 19. Calculate the remainder when 28 is divided by ((-3)/g)/(1/10).
13
Let q(s) = -s**3 - 7*s**2 - 11*s + 5. Let r be q(-5). Calculate the remainder when 30 is divided by (44/r)/(6/15).
8
Suppose 2*g - 7*f - 603 = -4*f, 4*f =